{"id":190,"date":"2023-12-07T15:54:06","date_gmt":"2023-12-07T14:54:06","guid":{"rendered":"http:\/\/synergiedev.fr\/?page_id=190"},"modified":"2026-03-17T13:58:41","modified_gmt":"2026-03-17T12:58:41","slug":"tschoeppe-creation","status":"publish","type":"page","link":"https:\/\/synergiedev.fr\/index.php\/tschoeppe-creation\/","title":{"rendered":"Tschoepp\u00e9 Cr\u00e9ation"},"content":{"rendered":"\n<p>Concept de magasins d\u00e9di\u00e9 \u00e0 l\u2019am\u00e9nagement ext\u00e9rieur. Plus qu\u2019un simple point de vente, chaque espace propose une offre compl\u00e8te de produits haut de gamme pour sublimer les ext\u00e9rieurs.<\/p>\n\n\n\n<figure class=\"wp-block-image size-large\"><img  title=\"\" loading=\"lazy\" decoding=\"async\" width=\"1024\" height=\"768\" src=\"https:\/\/synergiedev.fr\/wp-content\/uploads\/2026\/03\/image00010-1024x768.jpeg\"  alt=\"image00010-1024x768 Tschoepp\u00e9 Cr\u00e9ation\"  class=\"wp-image-1114\" srcset=\"https:\/\/synergiedev.fr\/wp-content\/uploads\/2026\/03\/image00010-1024x768.jpeg 1024w, https:\/\/synergiedev.fr\/wp-content\/uploads\/2026\/03\/image00010-300x225.jpeg 300w, https:\/\/synergiedev.fr\/wp-content\/uploads\/2026\/03\/image00010-768x576.jpeg 768w, https:\/\/synergiedev.fr\/wp-content\/uploads\/2026\/03\/image00010-1536x1152.jpeg 1536w, https:\/\/synergiedev.fr\/wp-content\/uploads\/2026\/03\/image00010-2048x1536.jpeg 2048w\" sizes=\"auto, (max-width: 1024px) 100vw, 1024px\" \/><\/figure>\n","protected":false},"excerpt":{"rendered":"<p>Concept de magasins d\u00e9di\u00e9 \u00e0 l\u2019am\u00e9nagement ext\u00e9rieur. Plus qu\u2019un simple point de vente, chaque espace propose une offre compl\u00e8te de produits haut de gamme pour sublimer les ext\u00e9rieurs.<\/p>\n","protected":false},"author":2,"featured_media":197,"parent":0,"menu_order":0,"comment_status":"closed","ping_status":"closed","template":"","meta":{"footnotes":""},"class_list":["post-190","page","type-page","status-publish","has-post-thumbnail","hentry"],"_links":{"self":[{"href":"https:\/\/synergiedev.fr\/index.php\/wp-json\/wp\/v2\/pages\/190","targetHints":{"allow":["GET"]}}],"collection":[{"href":"https:\/\/synergiedev.fr\/index.php\/wp-json\/wp\/v2\/pages"}],"about":[{"href":"https:\/\/synergiedev.fr\/index.php\/wp-json\/wp\/v2\/types\/page"}],"author":[{"embeddable":true,"href":"https:\/\/synergiedev.fr\/index.php\/wp-json\/wp\/v2\/users\/2"}],"replies":[{"embeddable":true,"href":"https:\/\/synergiedev.fr\/index.php\/wp-json\/wp\/v2\/comments?post=190"}],"version-history":[{"count":11,"href":"https:\/\/synergiedev.fr\/index.php\/wp-json\/wp\/v2\/pages\/190\/revisions"}],"predecessor-version":[{"id":1115,"href":"https:\/\/synergiedev.fr\/index.php\/wp-json\/wp\/v2\/pages\/190\/revisions\/1115"}],"wp:featuredmedia":[{"embeddable":true,"href":"https:\/\/synergiedev.fr\/index.php\/wp-json\/wp\/v2\/media\/197"}],"wp:attachment":[{"href":"https:\/\/synergiedev.fr\/index.php\/wp-json\/wp\/v2\/media?parent=190"}],"curies":[{"name":"wp","href":"https:\/\/api.w.org\/{rel}","templated":true}]}}