{"id":270,"date":"2023-12-13T15:06:38","date_gmt":"2023-12-13T14:06:38","guid":{"rendered":"https:\/\/synergiedev.fr\/?page_id=270"},"modified":"2024-09-09T11:48:48","modified_gmt":"2024-09-09T09:48:48","slug":"nos-poeles","status":"publish","type":"page","link":"https:\/\/synergiedev.fr\/index.php\/nos-poeles\/","title":{"rendered":"Po\u00eales"},"content":{"rendered":"\n<p>Chez Synergie D\u00e9veloppement, nous proposons une s\u00e9lection de po\u00eales \u00e0 bois et \u00e0 granul\u00e9s alliant efficacit\u00e9 \u00e9nerg\u00e9tique et esth\u00e9tisme. Ils se distinguent par leur combinaison parfaite de technologie, design et performance permettant de s\u2019adapter \u00e0 tous types d\u2019int\u00e9rieurs.<\/p>\n\n\n\n<p>Nos po\u00eales sont con\u00e7us pour offrir une chaleur homog\u00e8ne et durable, tout en r\u00e9duisant la consommation d\u2019\u00e9nergie. Ils r\u00e9pondent aux normes environnementales les plus strictes et assurent une combustion propre, limitant ainsi les \u00e9missions polluantes.<\/p>\n\n\n\n<p><a href=\"https:\/\/www.flammesdumonde.com\/categorie-produit\/poeles\/\">En savoir plus sur les po\u00eales Flammes du Monde<\/a><\/p>\n\n\n\n<figure class=\"wp-block-image size-large\"><img  title=\"\" loading=\"lazy\" decoding=\"async\" width=\"1024\" height=\"724\" src=\"http:\/\/synergiedev.fr\/wp-content\/uploads\/2024\/09\/NG_EIK-1024x724.jpg\"  alt=\"NG_EIK-1024x724 Po\u00eales\"  class=\"wp-image-801\" srcset=\"https:\/\/synergiedev.fr\/wp-content\/uploads\/2024\/09\/NG_EIK-1024x724.jpg 1024w, https:\/\/synergiedev.fr\/wp-content\/uploads\/2024\/09\/NG_EIK-300x212.jpg 300w, https:\/\/synergiedev.fr\/wp-content\/uploads\/2024\/09\/NG_EIK-768x543.jpg 768w, https:\/\/synergiedev.fr\/wp-content\/uploads\/2024\/09\/NG_EIK-1536x1086.jpg 1536w, https:\/\/synergiedev.fr\/wp-content\/uploads\/2024\/09\/NG_EIK-2048x1448.jpg 2048w\" sizes=\"auto, (max-width: 1024px) 100vw, 1024px\" \/><\/figure>\n","protected":false},"excerpt":{"rendered":"<p>Chez Synergie D\u00e9veloppement, nous proposons une s\u00e9lection de po\u00eales \u00e0 bois et \u00e0 granul\u00e9s alliant efficacit\u00e9 \u00e9nerg\u00e9tique et esth\u00e9tisme. Ils se distinguent par leur combinaison parfaite de technologie, design et performance permettant de s\u2019adapter \u00e0 tous types d\u2019int\u00e9rieurs. Nos po\u00eales sont con\u00e7us pour offrir une chaleur homog\u00e8ne et durable, tout en r\u00e9duisant la consommation d\u2019\u00e9nergie. [&hellip;]<\/p>\n","protected":false},"author":3,"featured_media":332,"parent":0,"menu_order":0,"comment_status":"closed","ping_status":"closed","template":"","meta":{"footnotes":""},"class_list":["post-270","page","type-page","status-publish","has-post-thumbnail","hentry"],"_links":{"self":[{"href":"https:\/\/synergiedev.fr\/index.php\/wp-json\/wp\/v2\/pages\/270","targetHints":{"allow":["GET"]}}],"collection":[{"href":"https:\/\/synergiedev.fr\/index.php\/wp-json\/wp\/v2\/pages"}],"about":[{"href":"https:\/\/synergiedev.fr\/index.php\/wp-json\/wp\/v2\/types\/page"}],"author":[{"embeddable":true,"href":"https:\/\/synergiedev.fr\/index.php\/wp-json\/wp\/v2\/users\/3"}],"replies":[{"embeddable":true,"href":"https:\/\/synergiedev.fr\/index.php\/wp-json\/wp\/v2\/comments?post=270"}],"version-history":[{"count":5,"href":"https:\/\/synergiedev.fr\/index.php\/wp-json\/wp\/v2\/pages\/270\/revisions"}],"predecessor-version":[{"id":802,"href":"https:\/\/synergiedev.fr\/index.php\/wp-json\/wp\/v2\/pages\/270\/revisions\/802"}],"wp:featuredmedia":[{"embeddable":true,"href":"https:\/\/synergiedev.fr\/index.php\/wp-json\/wp\/v2\/media\/332"}],"wp:attachment":[{"href":"https:\/\/synergiedev.fr\/index.php\/wp-json\/wp\/v2\/media?parent=270"}],"curies":[{"name":"wp","href":"https:\/\/api.w.org\/{rel}","templated":true}]}}