{"id":302,"date":"2023-12-13T15:26:48","date_gmt":"2023-12-13T14:26:48","guid":{"rendered":"http:\/\/synergiedev.fr\/?page_id=302"},"modified":"2026-03-17T14:01:49","modified_gmt":"2026-03-17T13:01:49","slug":"nos-garde-corps","status":"publish","type":"page","link":"https:\/\/synergiedev.fr\/index.php\/nos-garde-corps\/","title":{"rendered":"Garde-corps"},"content":{"rendered":"\n<p>Synergie D\u00e9veloppement propose un large choix de garde-corps en aluminium de haute qualit\u00e9 de la marque Tschoepp\u00e9. Les garde-corps Tschoepp\u00e9 sont tous personnalisable et fabriqu\u00e9s sur mesure dans nos ateliers situ\u00e9s \u00e0 Hoerdt en Alsace, au nord de Strasbourg.<\/p>\n\n\n\n<p>Nos garde-corps en aluminium sont con\u00e7us pour offrir une s\u00e9curit\u00e9 optimale. Fabriqu\u00e9s avec des mat\u00e9riaux de premi\u00e8re qualit\u00e9, ils r\u00e9pondent aux normes les plus strictes pour garantir la protection de vos espaces tout en offrant une tranquillit\u00e9 d&#8217;esprit absolue.<\/p>\n\n\n\n<p><a href=\"https:\/\/www.tschoeppe.fr\/garde-corps.html\" data-type=\"link\" data-id=\"https:\/\/www.tschoeppe.fr\/garde-corps.html\">En savoir plus sur les garde-corps Tschoepp\u00e9<\/a><\/p>\n\n\n\n<figure class=\"wp-block-image size-large\"><img  title=\"\" loading=\"lazy\" decoding=\"async\" width=\"1024\" height=\"614\" src=\"http:\/\/synergiedev.fr\/wp-content\/uploads\/2026\/03\/Rana-06HR-1024x614.jpg\"  alt=\"Rana-06HR-1024x614 Garde-corps\"  class=\"wp-image-1119\" srcset=\"https:\/\/synergiedev.fr\/wp-content\/uploads\/2026\/03\/Rana-06HR-1024x614.jpg 1024w, https:\/\/synergiedev.fr\/wp-content\/uploads\/2026\/03\/Rana-06HR-300x180.jpg 300w, https:\/\/synergiedev.fr\/wp-content\/uploads\/2026\/03\/Rana-06HR-768x461.jpg 768w, https:\/\/synergiedev.fr\/wp-content\/uploads\/2026\/03\/Rana-06HR-1536x922.jpg 1536w, https:\/\/synergiedev.fr\/wp-content\/uploads\/2026\/03\/Rana-06HR-2048x1229.jpg 2048w\" sizes=\"auto, (max-width: 1024px) 100vw, 1024px\" \/><\/figure>\n","protected":false},"excerpt":{"rendered":"<p>Synergie D\u00e9veloppement propose un large choix de garde-corps en aluminium de haute qualit\u00e9 de la marque Tschoepp\u00e9. Les garde-corps Tschoepp\u00e9 sont tous personnalisable et fabriqu\u00e9s sur mesure dans nos ateliers situ\u00e9s \u00e0 Hoerdt en Alsace, au nord de Strasbourg. Nos garde-corps en aluminium sont con\u00e7us pour offrir une s\u00e9curit\u00e9 optimale. Fabriqu\u00e9s avec des mat\u00e9riaux de [&hellip;]<\/p>\n","protected":false},"author":2,"featured_media":499,"parent":0,"menu_order":0,"comment_status":"closed","ping_status":"closed","template":"","meta":{"footnotes":""},"class_list":["post-302","page","type-page","status-publish","has-post-thumbnail","hentry"],"_links":{"self":[{"href":"https:\/\/synergiedev.fr\/index.php\/wp-json\/wp\/v2\/pages\/302","targetHints":{"allow":["GET"]}}],"collection":[{"href":"https:\/\/synergiedev.fr\/index.php\/wp-json\/wp\/v2\/pages"}],"about":[{"href":"https:\/\/synergiedev.fr\/index.php\/wp-json\/wp\/v2\/types\/page"}],"author":[{"embeddable":true,"href":"https:\/\/synergiedev.fr\/index.php\/wp-json\/wp\/v2\/users\/2"}],"replies":[{"embeddable":true,"href":"https:\/\/synergiedev.fr\/index.php\/wp-json\/wp\/v2\/comments?post=302"}],"version-history":[{"count":14,"href":"https:\/\/synergiedev.fr\/index.php\/wp-json\/wp\/v2\/pages\/302\/revisions"}],"predecessor-version":[{"id":1120,"href":"https:\/\/synergiedev.fr\/index.php\/wp-json\/wp\/v2\/pages\/302\/revisions\/1120"}],"wp:featuredmedia":[{"embeddable":true,"href":"https:\/\/synergiedev.fr\/index.php\/wp-json\/wp\/v2\/media\/499"}],"wp:attachment":[{"href":"https:\/\/synergiedev.fr\/index.php\/wp-json\/wp\/v2\/media?parent=302"}],"curies":[{"name":"wp","href":"https:\/\/api.w.org\/{rel}","templated":true}]}}