{"id":304,"date":"2023-12-13T15:27:40","date_gmt":"2023-12-13T14:27:40","guid":{"rendered":"http:\/\/synergiedev.fr\/?page_id=304"},"modified":"2024-07-24T16:02:55","modified_gmt":"2024-07-24T14:02:55","slug":"nos-portes-de-garage","status":"publish","type":"page","link":"https:\/\/synergiedev.fr\/index.php\/nos-portes-de-garage\/","title":{"rendered":"Portes de garage"},"content":{"rendered":"\n<p>Synergie D\u00e9veloppement vous propose un grand choix de porte de garage \u00e0 la fois sectionnelle et basculante en vente dans les showrooms Tschoepp\u00e9 Cr\u00e9ation. <\/p>\n\n\n\n<p>Nos portes de garage basculantes et sectionnelles int\u00e8grent des m\u00e9canismes de pointe pour une utilisation fluide et fiable. L&#8217;innovation est au c\u0153ur de chaque mod\u00e8le, garantissant une ouverture et une fermeture sans effort. Chez Tschoepp\u00e9 Cr\u00e9ation, la s\u00e9curit\u00e9 est une priorit\u00e9. Nos portes de garage sont \u00e9quip\u00e9es de dispositifs de s\u00e9curit\u00e9 avanc\u00e9s pour prot\u00e9ger votre domicile et vos biens. Fiabilit\u00e9 et tranquillit\u00e9 d&#8217;esprit sont au rendez-vous.<\/p>\n\n\n\n<figure class=\"wp-block-image size-large\"><img  title=\"\" loading=\"lazy\" decoding=\"async\" width=\"1024\" height=\"658\" src=\"https:\/\/synergiedev.fr\/wp-content\/uploads\/2024\/07\/22_FAME_Quadral_L0_Noir-Givre_Decor-AUBE-1024x658.jpg\"  alt=\"22_FAME_Quadral_L0_Noir-Givre_Decor-AUBE-1024x658 Portes de garage\"  class=\"wp-image-733\" srcset=\"https:\/\/synergiedev.fr\/wp-content\/uploads\/2024\/07\/22_FAME_Quadral_L0_Noir-Givre_Decor-AUBE-1024x658.jpg 1024w, https:\/\/synergiedev.fr\/wp-content\/uploads\/2024\/07\/22_FAME_Quadral_L0_Noir-Givre_Decor-AUBE-300x193.jpg 300w, https:\/\/synergiedev.fr\/wp-content\/uploads\/2024\/07\/22_FAME_Quadral_L0_Noir-Givre_Decor-AUBE-768x493.jpg 768w, https:\/\/synergiedev.fr\/wp-content\/uploads\/2024\/07\/22_FAME_Quadral_L0_Noir-Givre_Decor-AUBE-1536x987.jpg 1536w, https:\/\/synergiedev.fr\/wp-content\/uploads\/2024\/07\/22_FAME_Quadral_L0_Noir-Givre_Decor-AUBE-2048x1316.jpg 2048w\" sizes=\"auto, (max-width: 1024px) 100vw, 1024px\" \/><\/figure>\n","protected":false},"excerpt":{"rendered":"<p>Synergie D\u00e9veloppement vous propose un grand choix de porte de garage \u00e0 la fois sectionnelle et basculante en vente dans les showrooms Tschoepp\u00e9 Cr\u00e9ation. Nos portes de garage basculantes et sectionnelles int\u00e8grent des m\u00e9canismes de pointe pour une utilisation fluide et fiable. L&#8217;innovation est au c\u0153ur de chaque mod\u00e8le, garantissant une ouverture et une fermeture [&hellip;]<\/p>\n","protected":false},"author":2,"featured_media":406,"parent":0,"menu_order":0,"comment_status":"closed","ping_status":"closed","template":"","meta":{"footnotes":""},"class_list":["post-304","page","type-page","status-publish","has-post-thumbnail","hentry"],"_links":{"self":[{"href":"https:\/\/synergiedev.fr\/index.php\/wp-json\/wp\/v2\/pages\/304","targetHints":{"allow":["GET"]}}],"collection":[{"href":"https:\/\/synergiedev.fr\/index.php\/wp-json\/wp\/v2\/pages"}],"about":[{"href":"https:\/\/synergiedev.fr\/index.php\/wp-json\/wp\/v2\/types\/page"}],"author":[{"embeddable":true,"href":"https:\/\/synergiedev.fr\/index.php\/wp-json\/wp\/v2\/users\/2"}],"replies":[{"embeddable":true,"href":"https:\/\/synergiedev.fr\/index.php\/wp-json\/wp\/v2\/comments?post=304"}],"version-history":[{"count":10,"href":"https:\/\/synergiedev.fr\/index.php\/wp-json\/wp\/v2\/pages\/304\/revisions"}],"predecessor-version":[{"id":734,"href":"https:\/\/synergiedev.fr\/index.php\/wp-json\/wp\/v2\/pages\/304\/revisions\/734"}],"wp:featuredmedia":[{"embeddable":true,"href":"https:\/\/synergiedev.fr\/index.php\/wp-json\/wp\/v2\/media\/406"}],"wp:attachment":[{"href":"https:\/\/synergiedev.fr\/index.php\/wp-json\/wp\/v2\/media?parent=304"}],"curies":[{"name":"wp","href":"https:\/\/api.w.org\/{rel}","templated":true}]}}

<p>Synergie Développement vous propose un grand choix de porte de garage à la fois sectionnelle et basculante en vente dans les showrooms Tschoeppé Création. </p>



<p>Nos portes de garage basculantes et sectionnelles intègrent des mécanismes de pointe pour une utilisation fluide et fiable. L&#8217;innovation est au cœur de chaque modèle, garantissant une ouverture et une fermeture sans effort. Chez Tschoeppé Création, la sécurité est une priorité. Nos portes de garage sont équipées de dispositifs de sécurité avancés pour protéger votre domicile et vos biens. Fiabilité et tranquillité d&#8217;esprit sont au rendez-vous.</p>



<figure class="wp-block-image size-large"><img  title="" loading="lazy" decoding="async" width="1024" height="658" src="https://synergiedev.fr/wp-content/uploads/2024/07/22_FAME_Quadral_L0_Noir-Givre_Decor-AUBE-1024x658.jpg"  alt="22_FAME_Quadral_L0_Noir-Givre_Decor-AUBE-1024x658 Portes de garage"  class="wp-image-733" srcset="https://synergiedev.fr/wp-content/uploads/2024/07/22_FAME_Quadral_L0_Noir-Givre_Decor-AUBE-1024x658.jpg 1024w, https://synergiedev.fr/wp-content/uploads/2024/07/22_FAME_Quadral_L0_Noir-Givre_Decor-AUBE-300x193.jpg 300w, https://synergiedev.fr/wp-content/uploads/2024/07/22_FAME_Quadral_L0_Noir-Givre_Decor-AUBE-768x493.jpg 768w, https://synergiedev.fr/wp-content/uploads/2024/07/22_FAME_Quadral_L0_Noir-Givre_Decor-AUBE-1536x987.jpg 1536w, https://synergiedev.fr/wp-content/uploads/2024/07/22_FAME_Quadral_L0_Noir-Givre_Decor-AUBE-2048x1316.jpg 2048w" sizes="auto, (max-width: 1024px) 100vw, 1024px" /></figure>

<p>Synergie Développement vous propose un grand choix de porte de garage à la fois sectionnelle et basculante en vente dans les showrooms Tschoeppé Création. Nos portes de garage basculantes et sectionnelles intègrent des mécanismes de pointe pour une utilisation fluide et fiable. L&#8217;innovation est au cœur de chaque modèle, garantissant une ouverture et une fermeture [&hellip;]</p>
