{"id":695,"date":"2024-06-11T15:45:17","date_gmt":"2024-06-11T13:45:17","guid":{"rendered":"https:\/\/synergiedev.fr\/?page_id=695"},"modified":"2026-03-17T14:07:29","modified_gmt":"2026-03-17T13:07:29","slug":"responsabilite","status":"publish","type":"page","link":"https:\/\/synergiedev.fr\/index.php\/responsabilite\/","title":{"rendered":"D\u00e9marche RSE"},"content":{"rendered":"\n<h2 class=\"wp-block-heading has-text-align-center\">Produits durables<\/h2>\n\n\n\n<p>Le groupe Synergie D\u00e9veloppement s&#8217;engage fermement \u00e0 travers ses diverses entreprises et marques \u00e0 concevoir des produits qui durent dans le temps. Cet engagement se traduit par une approche rigoureuse de la qualit\u00e9 et de la durabilit\u00e9, int\u00e9grant des mat\u00e9riaux de premi\u00e8re qualit\u00e9 et des processus de fabrication innovants. Chaque produit est con\u00e7u pour r\u00e9sister \u00e0 l&#8217;\u00e9preuve du temps, r\u00e9duisant ainsi la n\u00e9cessit\u00e9 de remplacements fr\u00e9quents et contribuant \u00e0 un mode de consommation plus durable. Par ailleurs, Synergie D\u00e9veloppement investit continuellement dans la recherche et le d\u00e9veloppement pour am\u00e9liorer la long\u00e9vit\u00e9 de ses produits, garantissant ainsi \u00e0 ses clients des solutions fiables et \u00e9cologiquement responsables. Cet engagement envers la durabilit\u00e9 ne se limite pas seulement \u00e0 la qualit\u00e9 des produits, mais s&#8217;\u00e9tend \u00e9galement \u00e0 une vision plus large de la responsabilit\u00e9 environnementale et sociale de l&#8217;entreprise.<\/p>\n\n\n\n<h2 class=\"wp-block-heading has-text-align-center\">Prot\u00e9ger et former les collaborateurs<\/h2>\n\n\n\n<p>Chez Synergie D\u00e9veloppement, la sant\u00e9 et la s\u00e9curit\u00e9 de ses collaborateurs sont des priorit\u00e9s absolues. Le service des ressources humaines joue un r\u00f4le central en mettant en place des actions concr\u00e8tes visant \u00e0 am\u00e9liorer la qualit\u00e9 de vie au travail. Ces initiatives comprennent la promotion de bonnes pratiques ergonomiques, des programmes de bien-\u00eatre mental et physique, ainsi que des formations r\u00e9guli\u00e8res sur la s\u00e9curit\u00e9. En cr\u00e9ant un environnement de travail s\u00fbr et sain, Synergie D\u00e9veloppement s&#8217;assure non seulement de prot\u00e9ger ses collaborateurs, mais aussi de favoriser leur \u00e9panouissement professionnel et personnel. Cet engagement envers le bien-\u00eatre des employ\u00e9s refl\u00e8te la vision de l&#8217;entreprise d&#8217;un avenir o\u00f9 la performance et le respect de l&#8217;humain vont de pair.<\/p>\n\n\n\n<h2 class=\"wp-block-heading has-text-align-center\">Impact territorial \u00e9conomique et \u00e9cologique<\/h2>\n\n\n\n<p>Le groupe Synergie D\u00e9veloppement s&#8217;engage activement \u00e0 soutenir l&#8217;\u00e9conomie locale en embauchant des collaborateurs issus de son territoire. En favorisant l&#8217;emploi local, Synergie D\u00e9veloppement contribue non seulement \u00e0 la vitalit\u00e9 \u00e9conomique de la r\u00e9gion, mais aussi \u00e0 la cr\u00e9ation de liens solides au sein de la communaut\u00e9. De plus, les entreprises affili\u00e9es au groupe privil\u00e9gient majoritairement des fournisseurs locaux, ce qui permet de r\u00e9duire significativement l&#8217;impact environnemental li\u00e9 au transport et de soutenir les entreprises de proximit\u00e9. Cette strat\u00e9gie renforce un mod\u00e8le \u00e9conomique durable et responsable, o\u00f9 la collaboration locale et la pr\u00e9servation de l&#8217;environnement sont au c\u0153ur des pr\u00e9occupations.<\/p>\n\n\n\n<figure class=\"wp-block-image size-large\"><img  title=\"\" loading=\"lazy\" decoding=\"async\" width=\"1024\" height=\"683\" src=\"http:\/\/synergiedev.fr\/wp-content\/uploads\/2024\/07\/earth-day-environment-eco-concept-space-text-1024x683.jpg\"  alt=\"earth-day-environment-eco-concept-space-text-1024x683 D\u00e9marche RSE\"  class=\"wp-image-723\" srcset=\"https:\/\/synergiedev.fr\/wp-content\/uploads\/2024\/07\/earth-day-environment-eco-concept-space-text-1024x683.jpg 1024w, https:\/\/synergiedev.fr\/wp-content\/uploads\/2024\/07\/earth-day-environment-eco-concept-space-text-300x200.jpg 300w, https:\/\/synergiedev.fr\/wp-content\/uploads\/2024\/07\/earth-day-environment-eco-concept-space-text-768x512.jpg 768w, https:\/\/synergiedev.fr\/wp-content\/uploads\/2024\/07\/earth-day-environment-eco-concept-space-text-1536x1024.jpg 1536w, https:\/\/synergiedev.fr\/wp-content\/uploads\/2024\/07\/earth-day-environment-eco-concept-space-text-2048x1365.jpg 2048w\" sizes=\"auto, (max-width: 1024px) 100vw, 1024px\" \/><\/figure>\n\n\n\n<p><\/p>\n","protected":false},"excerpt":{"rendered":"<p>Produits durables Le groupe Synergie D\u00e9veloppement s&#8217;engage fermement \u00e0 travers ses diverses entreprises et marques \u00e0 concevoir des produits qui durent dans le temps. Cet engagement se traduit par une approche rigoureuse de la qualit\u00e9 et de la durabilit\u00e9, int\u00e9grant des mat\u00e9riaux de premi\u00e8re qualit\u00e9 et des processus de fabrication innovants. Chaque produit est con\u00e7u [&hellip;]<\/p>\n","protected":false},"author":2,"featured_media":723,"parent":0,"menu_order":0,"comment_status":"closed","ping_status":"closed","template":"","meta":{"footnotes":""},"class_list":["post-695","page","type-page","status-publish","has-post-thumbnail","hentry"],"_links":{"self":[{"href":"https:\/\/synergiedev.fr\/index.php\/wp-json\/wp\/v2\/pages\/695","targetHints":{"allow":["GET"]}}],"collection":[{"href":"https:\/\/synergiedev.fr\/index.php\/wp-json\/wp\/v2\/pages"}],"about":[{"href":"https:\/\/synergiedev.fr\/index.php\/wp-json\/wp\/v2\/types\/page"}],"author":[{"embeddable":true,"href":"https:\/\/synergiedev.fr\/index.php\/wp-json\/wp\/v2\/users\/2"}],"replies":[{"embeddable":true,"href":"https:\/\/synergiedev.fr\/index.php\/wp-json\/wp\/v2\/comments?post=695"}],"version-history":[{"count":9,"href":"https:\/\/synergiedev.fr\/index.php\/wp-json\/wp\/v2\/pages\/695\/revisions"}],"predecessor-version":[{"id":1123,"href":"https:\/\/synergiedev.fr\/index.php\/wp-json\/wp\/v2\/pages\/695\/revisions\/1123"}],"wp:featuredmedia":[{"embeddable":true,"href":"https:\/\/synergiedev.fr\/index.php\/wp-json\/wp\/v2\/media\/723"}],"wp:attachment":[{"href":"https:\/\/synergiedev.fr\/index.php\/wp-json\/wp\/v2\/media?parent=695"}],"curies":[{"name":"wp","href":"https:\/\/api.w.org\/{rel}","templated":true}]}}