{"id":933,"date":"2025-12-08T16:16:40","date_gmt":"2025-12-08T15:16:40","guid":{"rendered":"https:\/\/synergiedev.fr\/?page_id=933"},"modified":"2025-12-09T09:12:13","modified_gmt":"2025-12-09T08:12:13","slug":"devenir-manager-presentation-des-modules","status":"publish","type":"page","link":"https:\/\/synergiedev.fr\/index.php\/devenir-manager-presentation-des-modules\/","title":{"rendered":"Devenir Manager &#8211; Pr\u00e9sentation des modules"},"content":{"rendered":"\n<figure class=\"wp-block-table\"><table class=\"has-black-color has-text-color has-link-color has-fixed-layout\"><tbody><tr><td class=\"has-text-align-center\" data-align=\"center\"><strong>Module 1 : Le DISC<\/strong><\/td><\/tr><\/tbody><\/table><\/figure>\n\n\n\n<h3 class=\"wp-block-heading has-medium-font-size\"><strong>Programme du module<\/strong><\/h3>\n\n\n\n<ul class=\"wp-block-list\">\n<li class=\"has-black-color has-text-color has-link-color wp-elements-3f56c77b378d8d0d48f9f7a9f82d5ce1\"><strong>Caract\u00e9riser un management performant<\/strong> : Qu\u2019est-ce qu\u2019un manager ? Identifier les bonnes pratiques manag\u00e9riales, \u00e9viter les erreurs.<\/li>\n\n\n\n<li class=\"has-black-color has-text-color has-link-color wp-elements-71558c6d388ce7063bfb51d08140aa89\"><strong>Profils motivationnels et manag\u00e9riaux avec la m\u00e9thode DISC<\/strong>&nbsp;: Comprendre son profil DISC, identifier son style de management naturel pour \u00eatre performant.<\/li>\n\n\n\n<li class=\"has-black-color has-text-color has-link-color wp-elements-482a582e9f80cd50ecfd329cdc00e692\"><strong>Adapter sa communication gr\u00e2ce au DISC<\/strong>&nbsp;: Reconnaitre le profil DISC des collaborateurs pour adapter son discours, d\u00e9velopper une flexibilit\u00e9 relationnelle avec les \u00e9quipes pour renforcer un climat social de confiance.<\/li>\n\n\n\n<li class=\"has-black-color has-text-color has-link-color wp-elements-2cd16d5be3b1a461e708e39fef19e050\"><strong>Mises en situation<\/strong><\/li>\n<\/ul>\n\n\n\n<h3 class=\"wp-block-heading has-medium-font-size\"><strong>Objectifs \u00e0 court et long terme<\/strong><\/h3>\n\n\n\n<p><strong>Court terme&nbsp;:<\/strong><\/p>\n\n\n\n<ol class=\"wp-block-list\">\n<li class=\"has-black-color has-text-color has-link-color wp-elements-4fb16559bb6832b2e3a7f8b9ba4de542\"><strong>Auto-perception et diagnostic :<\/strong><br>&#8211; Identifier son style manag\u00e9rial naturel et ses forces\/faiblesses via le DISC.<br>&#8211; Reconna\u00eetre les erreurs manag\u00e9riales fr\u00e9quentes \u00e0 \u00e9viter.<\/li>\n\n\n\n<li class=\"has-black-color has-text-color has-link-color wp-elements-ba237f8d3cf1f32775f7f941bc2fbb45\"><strong>Communication et adaptation :<\/strong><br>&#8211; Identifier les profils DISC des collaborateurs.<br>&#8211; Commencer \u00e0 adapter son discours et son comportement pour mieux interagir avec chaque profil.<\/li>\n\n\n\n<li class=\"has-black-color has-text-color has-link-color wp-elements-04d5abf31e7ef37fdddf1fdaf187569a\"><strong>Mise en pratique imm\u00e9diate :<\/strong><br>&#8211; Appliquer des bonnes pratiques manag\u00e9riales dans des situations simples du quotidien.<br>&#8211; Participer \u00e0 des mises en situation pour tester son approche et recevoir un feedback rapide.<\/li>\n<\/ol>\n\n\n\n<p><strong>Long terme&nbsp;:<\/strong><\/p>\n\n\n\n<ol class=\"wp-block-list\">\n<li class=\"has-black-color has-text-color has-link-color wp-elements-a10f2cd147747b17764978bf7dc53cfa\"><strong>Leadership flexible et performant :<\/strong><br>&#8211; D\u00e9velopper une communication fluide et adapt\u00e9e \u00e0 tous les types de collaborateurs.<br>&#8211; Maintenir et renforcer un climat de confiance durable au sein de l\u2019\u00e9quipe.<\/li>\n\n\n\n<li class=\"has-black-color has-text-color has-link-color wp-elements-c8b48c0dc691ba170e5a63067becec01\"><strong>Gestion avanc\u00e9e des \u00e9quipes :<\/strong><br>&#8211; Anticiper les besoins motivationnels des collaborateurs et adapter le management en cons\u00e9quence.<br>&#8211; G\u00e9rer des situations complexes ou conflictuelles avec efficacit\u00e9.<\/li>\n\n\n\n<li class=\"has-black-color has-text-color has-link-color wp-elements-65b91ee8b2c97ae37027f424210c9fba\"><strong>P\u00e9rennisation des acquis :<\/strong><br>&#8211; Int\u00e9grer les bonnes pratiques manag\u00e9riales dans ses routines quotidiennes.<br>&#8211; Devenir un manager capable de d\u00e9velopper l\u2019autonomie et l\u2019engagement de son \u00e9quipe sur le long terme.<\/li>\n<\/ol>\n\n\n\n<figure class=\"wp-block-table\"><table class=\"has-black-color has-text-color has-link-color has-fixed-layout\"><tbody><tr><td class=\"has-text-align-center\" data-align=\"center\"><strong>Module 2 : Les rituels manag\u00e9riaux<\/strong><\/td><\/tr><\/tbody><\/table><\/figure>\n\n\n\n<h3 class=\"wp-block-heading has-medium-font-size\"><strong>Programme du module<\/strong><\/h3>\n\n\n\n<ul class=\"wp-block-list\">\n<li class=\"has-black-color has-text-color has-link-color wp-elements-9b98779f4b7822ae95274154c8b3086e\"><strong>L\u2019importance des rituels manag\u00e9riaux&nbsp;<\/strong>: Comprendre le r\u00f4le des rituels dans la performance et la gestion d\u2019\u00e9quipe, identifier les clefs de la r\u00e9ussite et les erreurs \u00e0 \u00e9viter<\/li>\n\n\n\n<li class=\"has-black-color has-text-color has-link-color wp-elements-3cdd4ff5e56b9be0002164758a2820a2\"><strong>Micro-management VS Leader Coach<\/strong>&nbsp;: Les limites du micro-management et comment mettre en avant la posture Leader Coach ; trouver l\u2019\u00e9quilibre entre pilotage et confiance.<\/li>\n\n\n\n<li class=\"has-black-color has-text-color has-link-color wp-elements-18dc8cd707b5928e7f11f7ab1361f47a\"><strong>Concr\u00e9tiser au quotidien :<\/strong> La posture de Leader Coach en actions concr\u00e8tes quotidiennement et par p\u00e9riodes cibles et \u00e9v\u00e8nements tout au long de l\u2019ann\u00e9e pour p\u00e9renniser les actions.<\/li>\n\n\n\n<li class=\"has-black-color has-text-color has-link-color wp-elements-2cd16d5be3b1a461e708e39fef19e050\"><strong>Mises en situation<\/strong><\/li>\n<\/ul>\n\n\n\n<h3 class=\"wp-block-heading has-medium-font-size\"><strong>Objectifs \u00e0 court et long terme<\/strong><\/h3>\n\n\n\n<p class=\"has-black-color has-text-color has-link-color wp-elements-fa54d7584e3be14aea0f6658ddf8ddf7\"><strong>Court terme&nbsp;:<\/strong><\/p>\n\n\n\n<ol class=\"wp-block-list\">\n<li class=\"has-black-color has-text-color has-link-color wp-elements-5b372017ad73b196b6dca3b46685ebef\"><strong>Compr\u00e9hension et diagnostic :<\/strong><br>&#8211; Identifier les rituels manag\u00e9riaux cl\u00e9s et comprendre leur impact sur l\u2019\u00e9quipe.<br>&#8211; Reconna\u00eetre les comportements de micro-management et leurs cons\u00e9quences.<\/li>\n\n\n\n<li class=\"has-black-color has-text-color has-link-color wp-elements-fcb1d1effc6fd1e42588d90c6a609c37\"><strong> Posture et communication :<\/strong><br>&#8211; Commencer \u00e0 adopter la posture de Leader Coach dans des situations simples.<br>&#8211; Adapter son style de management pour \u00e9quilibrer supervision et autonomie.<\/li>\n\n\n\n<li class=\"has-black-color has-text-color has-link-color wp-elements-14d3482a07fbbb0fa00b915959346714\"><strong>Mise en pratique imm\u00e9diate :<\/strong><br>&#8211; Exp\u00e9rimenter des rituels manag\u00e9riaux dans le quotidien.<br>&#8211; Participer \u00e0 des mises en situation pour tester l\u2019approche Leader Coach et recevoir un feedback.<\/li>\n<\/ol>\n\n\n\n<p class=\"has-black-color has-text-color has-link-color wp-elements-ad8c1a064b43b0c806f574dc600209e5\"><strong>Long terme&nbsp;:<\/strong><\/p>\n\n\n\n<ol class=\"wp-block-list\">\n<li class=\"has-black-color has-text-color has-link-color wp-elements-42e4e2c5e411ee4c4e1f5ef9b408cf48\"><strong>Leadership durable :<\/strong><br>&#8211; Int\u00e9grer les rituels manag\u00e9riaux dans la routine de l\u2019\u00e9quipe pour renforcer la performance et l\u2019engagement.<br>&#8211; D\u00e9velopper une posture de Leader Coach coh\u00e9rente et efficace sur le long terme.<\/li>\n\n\n\n<li class=\"has-black-color has-text-color has-link-color wp-elements-5b6da8610cad69521f7970c8de9bf8ed\"><strong>Gestion avanc\u00e9e des \u00e9quipes :<\/strong><br>&#8211; G\u00e9rer des situations complexes en maintenant confiance et autonomie.<br>&#8211; Ajuster son management selon les p\u00e9riodes, \u00e9v\u00e9nements ou besoins sp\u00e9cifiques des collaborateurs.<\/li>\n\n\n\n<li class=\"has-black-color has-text-color has-link-color wp-elements-ed9bf102a6471233f737774721bd76b3\"><strong>P\u00e9rennisation des acquis :<\/strong><br>&#8211; Installer durablement des pratiques manag\u00e9riales favorisant la motivation et la responsabilisation de l\u2019\u00e9quipe.<br>&#8211; Faire \u00e9voluer continuellement son style de management pour rester performant et inspirant.<\/li>\n<\/ol>\n\n\n\n<figure class=\"wp-block-table\"><table class=\"has-black-color has-text-color has-link-color has-fixed-layout\"><tbody><tr><td class=\"has-text-align-center\" data-align=\"center\"><strong>Module 3 : Plaisir et performance au travail<\/strong><\/td><\/tr><\/tbody><\/table><\/figure>\n\n\n\n<h3 class=\"wp-block-heading has-medium-font-size\"><strong>Programme du module<\/strong><\/h3>\n\n\n\n<ul class=\"wp-block-list\">\n<li class=\"has-black-color has-text-color has-link-color wp-elements-c3c9ae1a4a43e767b53887b6500aeeb9\"><strong>Le plaisir au travail<\/strong> : Qu\u2019est-ce que c\u2019est ? Pourquoi faire ? Comment faire ? Les facteurs clefs pour l\u2019atteindre.<\/li>\n\n\n\n<li class=\"has-black-color has-text-color has-link-color wp-elements-95c8f5f845bfdb495750068e52202e1c\"><strong>Les leviers du plaisir<\/strong> : Les 8 leviers, savoir les expliquer, les assimiler, les appliquer \u00e0 sa propre exp\u00e9rience et \u00e0 celle des autres.<\/li>\n\n\n\n<li class=\"has-black-color has-text-color has-link-color wp-elements-172e5043b77ffa374dcddde952b9194e\"><strong>Le <em>Haut Niveau<\/em><\/strong> : Qu\u2019est-ce que c\u2019est ? Comment l\u2019atteindre : les clefs.<\/li>\n<\/ul>\n\n\n\n<h3 class=\"wp-block-heading has-medium-font-size\"><strong>Objectifs \u00e0 court et long terme<\/strong><\/h3>\n\n\n\n<p class=\"has-black-color has-text-color has-link-color wp-elements-fa54d7584e3be14aea0f6658ddf8ddf7\"><strong>Court terme&nbsp;:<\/strong><\/p>\n\n\n\n<ol class=\"wp-block-list\">\n<li class=\"has-black-color has-text-color has-link-color wp-elements-dcaf578286b1b80668bfb38adff76084\"><strong>Diagnostic et conscience personnelle :<\/strong><br>&#8211; Comprendre les facteurs qui favorisent le plaisir au travail pour soi-m\u00eame et ses collaborateurs.<br>&#8211; Identifier quels leviers du plaisir sont d\u00e9j\u00e0 pr\u00e9sents ou \u00e0 renforcer dans son quotidien.<\/li>\n\n\n\n<li class=\"has-black-color has-text-color has-link-color wp-elements-b290484104ae871791bb0492126b0e8e\"><strong>Mise en pratique initiale :<\/strong><br>&#8211; Exp\u00e9rimenter et appliquer certains leviers du plaisir au travail dans des situations simples.<br>&#8211; Adapter son comportement pour cr\u00e9er un climat positif au sein de son \u00e9quipe.<\/li>\n\n\n\n<li class=\"has-black-color has-text-color has-link-color wp-elements-9338892617efe1d17d8973edee022a53\"><strong>Communication et sensibilisation :<\/strong><br>&#8211; Expliquer les leviers du plaisir \u00e0 ses collaborateurs et partager les bonnes pratiques.<\/li>\n<\/ol>\n\n\n\n<p class=\"has-black-color has-text-color has-link-color wp-elements-ad8c1a064b43b0c806f574dc600209e5\"><strong>Long terme&nbsp;:<\/strong><\/p>\n\n\n\n<ol class=\"wp-block-list\">\n<li class=\"has-black-color has-text-color has-link-color wp-elements-e473ddeb1d10ff918c7774e120dbe5ae\"><strong>Leadership motivant :<\/strong><br>&#8211; Instaurer durablement des pratiques favorisant le plaisir et l\u2019engagement au travail.<br>&#8211; D\u00e9velopper un environnement propice \u00e0 la performance et au bien-\u00eatre collectif.<\/li>\n\n\n\n<li class=\"has-black-color has-text-color has-link-color wp-elements-76aa3b27261f97312545653c6a00b37e\"><strong>Autonomie et transfert :<\/strong><br>&#8211; Savoir appliquer tous les leviers du plaisir au travail de mani\u00e8re coh\u00e9rente et adapt\u00e9e \u00e0 diff\u00e9rentes situations.<br>&#8211; Accompagner ses collaborateurs pour qu\u2019ils identifient et utilisent eux-m\u00eames les leviers de motivation.<\/li>\n\n\n\n<li class=\"has-black-color has-text-color has-link-color wp-elements-6bd10739836271890d455de5418ea86f\"><strong>Atteinte du haut niveau :<\/strong><br>&#8211; Identifier les conditions et actions n\u00e9cessaires pour maintenir un haut niveau de performance et d\u2019\u00e9panouissement durable.<br>&#8211; P\u00e9renniser les bonnes pratiques pour un impact \u00e0 long terme sur la culture d\u2019\u00e9quipe.<\/li>\n<\/ol>\n\n\n\n<figure class=\"wp-block-table\"><table class=\"has-black-color has-text-color has-link-color has-fixed-layout\"><tbody><tr><td class=\"has-text-align-center\" data-align=\"center\"><strong>Module 4 : Droit social et recrutement<\/strong><\/td><\/tr><\/tbody><\/table><\/figure>\n\n\n\n<h3 class=\"wp-block-heading has-medium-font-size\"><strong>Programme du module<\/strong><\/h3>\n\n\n\n<ul class=\"wp-block-list\">\n<li class=\"has-black-color has-text-color has-link-color wp-elements-0bca216dd98e23efb4645acc3e73f3b3\"><strong>Fondamentaux du droit social : <\/strong>Qu\u2019est-ce que le droit social (sources et principes fondamentaux), le contrat de travail, les temps de travail et cong\u00e9s, les conventions collectives, la discipline et la rupture du contrat, les Prud\u2019hommes.<\/li>\n\n\n\n<li class=\"has-black-color has-text-color has-link-color wp-elements-844da830f080fe5acbdbc758a6c22259\"><strong>Relations collectives du travail<\/strong> : Dialogue social, le Comit\u00e9 Social et Economique, la Sant\u00e9 et S\u00e9curit\u00e9 au Travail.<\/li>\n\n\n\n<li class=\"has-black-color has-text-color has-link-color wp-elements-e1152d36442f058338dad21bc1013222\"><strong>Actualit\u00e9s et bonnes pratiques RH<\/strong> : Actualit\u00e9s sociales, cr\u00e9er une culture d\u2019entreprise, offrir des perspectives d\u2019\u00e9volution professionnelles, la r\u00e9mun\u00e9ration, la RSE.<\/li>\n\n\n\n<li class=\"has-black-color has-text-color has-link-color wp-elements-06404b2086a6efbe8ac6986189dc1c70\"><strong>Recrutement et attractivit\u00e9 des talents<\/strong> : Attirer des talents, pourquoi et comment cr\u00e9er des offres d\u2019emplois attrayantes, le processus d\u2019entretien.<\/li>\n<\/ul>\n\n\n\n<h3 class=\"wp-block-heading has-medium-font-size\"><strong>Objectifs \u00e0 court et long terme<\/strong><\/h3>\n\n\n\n<p class=\"has-black-color has-text-color has-link-color wp-elements-fa54d7584e3be14aea0f6658ddf8ddf7\"><strong>Court terme&nbsp;:<\/strong><\/p>\n\n\n\n<ol class=\"wp-block-list\">\n<li class=\"has-black-color has-text-color has-link-color wp-elements-5e1b2625852290cd50f4933659f9016d\"><strong>Connaissances juridiques de base :<\/strong><br>&#8211; Comprendre les sources du droit social, le contrat de travail, les temps de travail et les cong\u00e9s.<br>&#8211; Conna\u00eetre les r\u00e8gles li\u00e9es aux conventions collectives, discipline et rupture du contrat.<\/li>\n\n\n\n<li class=\"has-black-color has-text-color has-link-color wp-elements-821338aeb182f93dbfff8fe4e48666f0\"><strong>Relations collectives et dialogue social :<\/strong><br>&#8211; Comprendre le r\u00f4le du Comit\u00e9 Social et \u00c9conomique (CSE) et les principes de sant\u00e9 et s\u00e9curit\u00e9 au travail.<br>&#8211; Savoir identifier les obligations l\u00e9gales en mati\u00e8re de dialogue social.<\/li>\n\n\n\n<li class=\"has-black-color has-text-color has-link-color wp-elements-71f35cd265f37faed9a4cea67b286e5d\"><strong>Pratiques RH imm\u00e9diates :<\/strong><br>&#8211; Appliquer les bonnes pratiques RH pour cr\u00e9er un climat professionnel positif et conforme aux r\u00e8gles.<br>&#8211; Cr\u00e9er des offres d\u2019emploi attractives et mener des entretiens structur\u00e9s.<\/li>\n<\/ol>\n\n\n\n<p class=\"has-black-color has-text-color has-link-color wp-elements-ad8c1a064b43b0c806f574dc600209e5\"><strong>Long terme&nbsp;:<\/strong><\/p>\n\n\n\n<ol class=\"wp-block-list\">\n<li class=\"has-black-color has-text-color has-link-color wp-elements-5e1b2625852290cd50f4933659f9016d\"><strong>Connaissances juridiques de base :<\/strong><br>&#8211; Comprendre les sources du droit social, le contrat de travail, les temps de travail et les cong\u00e9s.<br>&#8211; Conna\u00eetre les r\u00e8gles li\u00e9es aux conventions collectives, discipline et rupture du contrat.<\/li>\n\n\n\n<li class=\"has-black-color has-text-color has-link-color wp-elements-821338aeb182f93dbfff8fe4e48666f0\"><strong>Relations collectives et dialogue social :<\/strong><br>&#8211; Comprendre le r\u00f4le du Comit\u00e9 Social et \u00c9conomique (CSE) et les principes de sant\u00e9 et s\u00e9curit\u00e9 au travail.<br>&#8211; Savoir identifier les obligations l\u00e9gales en mati\u00e8re de dialogue social.<\/li>\n\n\n\n<li class=\"has-black-color has-text-color has-link-color wp-elements-71f35cd265f37faed9a4cea67b286e5d\"><strong>Pratiques RH imm\u00e9diates :<\/strong><br>&#8211; Appliquer les bonnes pratiques RH pour cr\u00e9er un climat professionnel positif et conforme aux r\u00e8gles.<br>&#8211; Cr\u00e9er des offres d\u2019emploi attractives et mener des entretiens structur\u00e9s.<\/li>\n<\/ol>\n\n\n\n<figure class=\"wp-block-table\"><table class=\"has-black-color has-text-color has-link-color has-fixed-layout\"><tbody><tr><td class=\"has-text-align-center\" data-align=\"center\"><strong>Module 5 : Prise de parole en public<\/strong><\/td><\/tr><\/tbody><\/table><\/figure>\n\n\n\n<h3 class=\"wp-block-heading has-medium-font-size\"><strong>Programme du module<\/strong><\/h3>\n\n\n\n<p class=\"has-black-color has-text-color has-link-color wp-elements-90bf721fd01ba3c8f7177b37922b1a2a\"><strong>Qu\u2019est-ce que la prise de parole ?<\/strong><br><strong>Les 5 \u00e9tapes de la rh\u00e9torique<\/strong><\/p>\n\n\n\n<ul class=\"wp-block-list\">\n<li class=\"has-black-color has-text-color has-link-color wp-elements-e1d72e818b27afea52487ac357cf3b21\">Actio \u2013 \u00catre au rendez-vous avec soi-m\u00eame<\/li>\n\n\n\n<li class=\"has-black-color has-text-color has-link-color wp-elements-df48f696d8b3f7c0daf13f806ac03bec\">Inventio \u2013 Cadrer le contexte<\/li>\n\n\n\n<li class=\"has-black-color has-text-color has-link-color wp-elements-a2fc5239d12838c4276e28566aa25398\">Dispositio \u2013 L\u2019art de choisir son chemin<\/li>\n\n\n\n<li class=\"has-black-color has-text-color has-link-color wp-elements-54be9fc6088ee7984ba4512c938f6bf5\">Elocutio \u2013 Comment s\u2019exprimer<\/li>\n\n\n\n<li class=\"has-black-color has-text-color has-link-color wp-elements-116f3411ee00df6460bd9af7614a0c46\">Memoria \u2013 Se rappeler de son discours<\/li>\n<\/ul>\n\n\n\n<p class=\"has-black-color has-text-color has-link-color wp-elements-e660be6736cccc523b755a836dd2d5d5\"><strong>Mises en situation et exercices pratiques<\/strong>&nbsp;: S\u2019entrainer aux 5 \u00e9tapes<\/p>\n\n\n\n<h3 class=\"wp-block-heading has-medium-font-size\"><strong>Objectifs \u00e0 court et long terme<\/strong><\/h3>\n\n\n\n<p class=\"has-black-color has-text-color has-link-color wp-elements-fa54d7584e3be14aea0f6658ddf8ddf7\"><strong>Court terme&nbsp;:<\/strong><\/p>\n\n\n\n<ol class=\"wp-block-list\">\n<li class=\"has-black-color has-text-color has-link-color wp-elements-85faa8ee43dc31b0495f9dfb3fba098b\"><strong>Structuration du discours :<\/strong><br>&#8211; Comprendre et appliquer les 5 \u00e9tapes de la rh\u00e9torique : Actio, Inventio, Dispositio, Elocutio, Memoria.<br>&#8211; Pr\u00e9parer un discours ou une intervention courte en suivant une m\u00e9thodologie claire.<\/li>\n\n\n\n<li class=\"has-black-color has-text-color has-link-color wp-elements-9380e37931372580fa52d25807fe2d11\"><strong>Expression et posture :<\/strong><br>&#8211; \u00catre capable de se pr\u00e9senter avec assurance et g\u00e9rer son stress lors de prises de parole simples.<br>&#8211; Adapter le ton, le rythme et le langage en fonction du contexte et de l\u2019audience.<\/li>\n\n\n\n<li class=\"has-black-color has-text-color has-link-color wp-elements-65890da0748b8d36fc3e05cba4697350\"><strong>Pratique initiale :<\/strong><br>&#8211; Participer \u00e0 des mises en situation pour tester et am\u00e9liorer son aisance orale.<br>&#8211; Recevoir un feedback imm\u00e9diat pour corriger et renforcer les points faibles.<\/li>\n<\/ol>\n\n\n\n<p class=\"has-black-color has-text-color has-link-color wp-elements-ad8c1a064b43b0c806f574dc600209e5\"><strong>Long terme&nbsp;:<\/strong><\/p>\n\n\n\n<ol class=\"wp-block-list\">\n<li class=\"has-black-color has-text-color has-link-color wp-elements-6bfcc6167ad3c2b8db03d6ecab53fa5a\"><strong>Ma\u00eetrise avanc\u00e9e de la rh\u00e9torique :<\/strong><br>&#8211; Structurer et d\u00e9livrer des interventions plus longues et complexes avec fluidit\u00e9 et impact.<br>&#8211; Int\u00e9grer de mani\u00e8re automatique les 5 \u00e9tapes de la rh\u00e9torique dans sa pr\u00e9paration et son expression orale.<\/li>\n\n\n\n<li class=\"has-black-color has-text-color has-link-color wp-elements-e3b1ddd3741df7d02c2ba948fe6fff01\"><strong>Leadership par la communication :<\/strong><br>&#8211; Influencer, convaincre et motiver une audience gr\u00e2ce \u00e0 un discours clair et persuasif.<br>&#8211; Adapter sa communication \u00e0 diff\u00e9rents contextes professionnels (r\u00e9unions, pr\u00e9sentations, n\u00e9gociations).<\/li>\n\n\n\n<li class=\"has-black-color has-text-color has-link-color wp-elements-fbf2b25ab41e51e08675a23f6abb95d3\"><strong>P\u00e9rennisation des acquis :<\/strong><br>&#8211; D\u00e9velopper la confiance en soi pour prendre la parole spontan\u00e9ment et efficacement.<br>&#8211; Int\u00e9grer la pratique r\u00e9guli\u00e8re de la rh\u00e9torique dans son d\u00e9veloppement professionnel pour un impact durable.<\/li>\n<\/ol>\n\n\n\n<div style=\"height:35px\" aria-hidden=\"true\" class=\"wp-block-spacer\"><\/div>\n\n\n\n<div class=\"wp-block-buttons is-content-justification-center is-layout-flex wp-container-core-buttons-is-layout-16018d1d wp-block-buttons-is-layout-flex\">\n<div class=\"wp-block-button\"><a class=\"wp-block-button__link has-text-align-center wp-element-button\" href=\"https:\/\/docs.google.com\/forms\/d\/e\/1FAIpQLSeP3jvA_cqI2NN94WU6MKf0EdBwFwzVBDuV4DURqr8-_vyUSQ\/viewform\"><strong>Demande d&#8217;inscription<\/strong><\/a><\/div>\n<\/div>\n\n\n\n<p><a id=\"_msocom_1\"><\/a><\/p>\n","protected":false},"excerpt":{"rendered":"<p>Module 1 : Le DISC Programme du module Objectifs \u00e0 court et long terme Court terme&nbsp;: Long terme&nbsp;: Module 2 : Les rituels manag\u00e9riaux Programme du module Objectifs \u00e0 court et long terme Court terme&nbsp;: Long terme&nbsp;: Module 3 : Plaisir et performance au travail Programme du module Objectifs \u00e0 court et long terme Court [&hellip;]<\/p>\n","protected":false},"author":2,"featured_media":906,"parent":0,"menu_order":0,"comment_status":"closed","ping_status":"closed","template":"","meta":{"footnotes":""},"class_list":["post-933","page","type-page","status-publish","has-post-thumbnail","hentry"],"_links":{"self":[{"href":"https:\/\/synergiedev.fr\/index.php\/wp-json\/wp\/v2\/pages\/933","targetHints":{"allow":["GET"]}}],"collection":[{"href":"https:\/\/synergiedev.fr\/index.php\/wp-json\/wp\/v2\/pages"}],"about":[{"href":"https:\/\/synergiedev.fr\/index.php\/wp-json\/wp\/v2\/types\/page"}],"author":[{"embeddable":true,"href":"https:\/\/synergiedev.fr\/index.php\/wp-json\/wp\/v2\/users\/2"}],"replies":[{"embeddable":true,"href":"https:\/\/synergiedev.fr\/index.php\/wp-json\/wp\/v2\/comments?post=933"}],"version-history":[{"count":21,"href":"https:\/\/synergiedev.fr\/index.php\/wp-json\/wp\/v2\/pages\/933\/revisions"}],"predecessor-version":[{"id":970,"href":"https:\/\/synergiedev.fr\/index.php\/wp-json\/wp\/v2\/pages\/933\/revisions\/970"}],"wp:featuredmedia":[{"embeddable":true,"href":"https:\/\/synergiedev.fr\/index.php\/wp-json\/wp\/v2\/media\/906"}],"wp:attachment":[{"href":"https:\/\/synergiedev.fr\/index.php\/wp-json\/wp\/v2\/media?parent=933"}],"curies":[{"name":"wp","href":"https:\/\/api.w.org\/{rel}","templated":true}]}}